299
List the prime factors of 34066.
2, 17033
What are the prime factors of 3967793?
3967793
What are the prime factors of 8843785?
5, 1768757
What are the prime factors of 431721?
3, 47969
What are the prime factors of 551380?
2, 5, 19, 1451
List the prime factors of 138510.
2, 3, 5, 19
What are the prime factors of 1892866?
2, 461, 2053
List the prime factors of 728916.
2, 3, 19, 23, 139
List the prime factors of 4423436.
2, 269, 4111
What are the prime factors of 98784?
2, 3, 7
What are the prime factors of 605365?
5, 41, 2953
What are the prime factors of 3418086?
2, 3, 7, 97, 839
List the prime factors of 17282049.
3, 991, 5813
What are the prime factors of 165429?
3, 11, 557
List the prime factors of 2753195.
5, 19, 73, 397
What are the prime factors of 350047?
17, 59, 349
List the prime factors of 411758.
2, 205879
List the prime factors of 12848276.
2, 7, 29, 15823
What are the prime factors of 951083?
7, 19, 7151
List the prime factors of 3151324.
2, 11, 17, 383
What are the prime factors of 375256?
2, 7, 6701
List the prime factors of 2001856.
2, 31, 1009
List the prime factors of 2876355.
3, 5, 41, 1559
List the prime factors of 13365872.
2, 13, 4943
What are the prime factors of 2235?
3, 5, 149
List the prime factors of 501624.
2, 3, 6967
What are the prime factors of 2238153?
3, 23, 163, 199
List the prime factors of 321.
3, 107
What are the prime factors of 1128923?
19, 59417
What are the prime factors of 1405864?
2, 47, 3739
List the prime factors of 5158162.
2, 2579081
List the prime factors of 769175.
5, 11, 2797
List the prime factors of 1152192.
2, 3, 17, 353
List the prime factors of 2282623.
7, 31, 67, 157
List the prime factors of 17601619.
7, 19, 89, 1487
List the prime factors of 1572770.
2, 5, 157277
What are the prime factors of 599370?
2, 3, 5, 19979
List the prime factors of 201056.
2, 61, 103
What are the prime factors of 19655293?
7, 2807899
What are the prime factors of 8390944?
2, 262217
What are the prime factors of 1695753?
3, 188417
What are the prime factors of 12492569?
17, 37, 19861
List the prime factors of 3095721.
3, 29, 409
List the prime factors of 3511226.
2, 23, 37, 2063
List the prime factors of 802335.
3, 5, 89, 601
What are the prime factors of 75913?
75913
What are the prime factors of 496262?
2, 13, 19087
List the prime factors of 1808629.
19, 95191
What are the prime factors of 151118?
2, 11, 6869
List the prime factors of 953964.
2, 3, 11, 73
What are the prime factors of 25277701?
149, 169649
What are the prime factors of 236056?
2, 19, 1553
List the prime factors of 4082604.
2, 3, 83, 4099
What are the prime factors of 3080129?
13, 31, 7643
List the prime factors of 314351.
314351
What are the prime factors of 1095126?
2, 3, 37, 4933
What are the prime factors of 1044200?
2, 5, 23, 227
List the prime factors of 27175875.
3, 5, 72469
What are the prime factors of 173648?
2, 10853
What are the prime factors of 11525270?
2, 5, 1152527
What are the prime factors of 318390?
2, 3, 5, 10613
What are the prime factors of 23304266?
2, 11652133
List the prime factors of 1591827.
3, 530609
What are the prime factors of 1892872?
2, 236609
What are the prime factors of 8790599?
8790599
List the prime factors of 19321.
139
What are the prime factors of 75147?
3, 37, 677
List the prime factors of 30373081.
53, 263, 2179
What are the prime factors of 431446?
2, 215723
List the prime factors of 543969.
3, 20147
List the prime factors of 2794762.
2, 127, 11003
What are the prime factors of 257877?
3, 9551
What are the prime factors of 1582571?
109, 14519
List the prime factors of 36711257.
11, 211, 15817
What are the prime factors of 25895857?
13, 1991989
List the prime factors of 2651106.
2, 3, 59, 7489
What are the prime factors of 36530?
2, 5, 13, 281
What are the prime factors of 9994484?
2, 61, 40961
What are the prime factors of 6155567?
11, 559597
List the prime factors of 9114952.
2, 7, 11, 14797
What are the prime factors of 14158221?
3, 7, 11, 61291
What are the prime factors of 9726293?
191, 50923
What are the prime factors of 2130810?
2, 3, 5, 11, 587
What are the prime factors of 4380677?
7, 625811
What are the prime factors of 193162?
2, 96581
What are the prime factors of 8999557?
7, 467, 2753
List the prime factors of 287754.
2, 3, 199, 241
List the prime factors of 396367.
127, 3121
What are the prime factors of 1941661?
223, 8707
List the prime factors of 31050949.
67, 463447
What are the prime factors of 26085001?
26085001
What are the prime factors of 7742956?
2, 13, 17, 19, 461
List the prime factors of 2820146.
2, 7, 4111
List the prime factors of 4024118.
2, 7, 287437
What are the prime factors of 10756442?
2, 31, 173491
List the prime factors of 321941.
43, 7487
What are the prime factors of 16372244?
2, 7, 584723
List the prime factors of 381196.
2, 157, 607
What are the prime factors of 4729946?
2, 13, 109, 1669
List the prime factors of 285208.
2, 7, 11, 463
What are the prime factors of 2726330?
2, 5, 337, 809
List the prime factors of 15259912.
2, 107, 17827
List the prime factors of 124218.
2, 3, 67, 103
List the prime factors of 8551029.
3, 2850343
What are the prime factors of 3491413?
3491413
List the prime factors of 685922.
2, 193, 1777
List the prime factors of 6228880.
2, 5, 7, 227
What are the prime factors of 1916580?
2, 3, 5, 17, 1879
What are the prime factors of 209200?
2, 5, 523
What are the prime factors of 1160157?
3, 386719
List the prime factors of 2012049.
3, 13, 29, 593
List the prime factors of 174358.
2, 87179
List the prime factors of 88137.
3, 7, 1399
List the prime factors of 6474689.
13, 498053
List the prime factors of 5852205.
3, 5, 47, 2767
List the prime factors of 17429080.
2, 5, 17, 19, 71
What are the prime factors of 26734076?
2, 6683519
What are the prime factors of 1171827?
3, 17, 23, 37
List the prime factors of 844885.
5, 168977
List the prime factors of 4595187.
3, 1531729
List the prime factors of 2665374.
2, 3, 307, 1447
List the prime factors of 1096005.
3, 5, 31, 2357
List the prime factors of 2708368.
2, 13, 29, 449
List the prime factors of 8564243.
17, 503779
What are the prime factors of 1563425?
5, 23, 2719
What are the prime factors of 1616966?
2, 13, 62191
List the prime factors of 121081.
121081
List the prime factors of 285569.
285569
What are the prime factors of 1705861?
1705861
What are the prime factors of 2944554?
2, 3, 43, 101, 113
List the prime factors of 10354399.
11, 941309
What are the prime factors of 151232?
2, 17, 139
List the prime factors of 12737206.
2, 29, 219607
List the prime factors of 8752518.
2, 3, 17, 28603
What are the prime factors of 2653084?
2, 7, 19, 4987
List the prime factors of 2035697.
89, 257
List the prime factors of 7256361.
3, 7, 49363
What are the prime factors of 1048082?
2, 7, 43, 1741
What are the prime factors of 689648?
2, 43103
List the prime factors of 265202.
2, 7, 19, 997
List the prime factors of 603419.
43, 14033
What are the prime factors of 14007524?
2, 17, 205993
What are the prime factors of 1689726?
2, 3, 281621
What are the prime factors of 2798964?
2, 3, 7, 29, 383
List the prime factors of 20622394.
2, 13, 17, 37, 97
List the prime factors of 13668315.
3, 5, 19, 199, 241
What are the prime factors of 2739668?
2, 23, 97, 307
List the prime factors of 88150.
2, 5, 41, 43
List the prime factors of 50556.
2, 3, 11, 383
What are the prime factors of 3217116?
2, 3, 7, 38299
What are the prime factors of 6930504?
2, 3, 7, 13751
What are the prime factors of 12992?
2, 7, 29
What are the prime factors of 233389?
13, 1381
List the prime factors of 8405712.
2, 3, 7, 31, 269
What are the prime factors of 491799?
3, 7, 11, 2129
What are the prime factors of 450682?
2, 225341
List the prime factors of 233913.
3, 103, 757
What are the prime factors of 215647?
89, 2423
List the prime factors of 311873.
37, 8429
List the prime factors of 2227868.
2, 556967
List the prime factors of 207559.
11, 18869
List the prime factors of 12166462.
2, 7, 11, 199, 397
What are the prime factors of 437955?
3, 5, 7, 43, 97
List the prime factors of 2083786.
2, 1041893
What are the prime factors of 2285318?
2, 7, 239, 683
What are the prime factors of 213322?
2, 106661
List the prime factors of 1654415